{"id":16298,"date":"2023-01-17T13:24:26","date_gmt":"2023-01-17T13:24:26","guid":{"rendered":"https:\/\/opticayaudicion.com\/?page_id=16298"},"modified":"2023-01-18T07:42:54","modified_gmt":"2023-01-18T07:42:54","slug":"aviso-legal","status":"publish","type":"page","link":"https:\/\/opticayaudicion.com\/index.php\/aviso-legal\/","title":{"rendered":"Aviso Legal"},"content":{"rendered":"\t\t<div data-elementor-type=\"wp-page\" data-elementor-id=\"16298\" class=\"elementor elementor-16298\">\n\t\t\t\t\t\t\t\t\t<section class=\"elementor-section elementor-top-section elementor-element elementor-element-bef3ef9 elementor-section-boxed elementor-section-height-default elementor-section-height-default\" data-id=\"bef3ef9\" data-element_type=\"section\">\n\t\t\t\t\t\t<div class=\"elementor-container elementor-column-gap-default\">\n\t\t\t\t\t<div class=\"elementor-column elementor-col-100 elementor-top-column elementor-element elementor-element-1d97d32\" data-id=\"1d97d32\" data-element_type=\"column\">\n\t\t\t<div class=\"elementor-widget-wrap elementor-element-populated\">\n\t\t\t\t\t\t\t\t<div class=\"elementor-element elementor-element-4f9d1ed elementor-widget elementor-widget-text-editor\" data-id=\"4f9d1ed\" data-element_type=\"widget\" data-widget_type=\"text-editor.default\">\n\t\t\t\t<div class=\"elementor-widget-container\">\n\t\t\t<style>\/*! elementor - v3.10.2 - 29-01-2023 *\/\n.elementor-widget-text-editor.elementor-drop-cap-view-stacked .elementor-drop-cap{background-color:#818a91;color:#fff}.elementor-widget-text-editor.elementor-drop-cap-view-framed .elementor-drop-cap{color:#818a91;border:3px solid;background-color:transparent}.elementor-widget-text-editor:not(.elementor-drop-cap-view-default) .elementor-drop-cap{margin-top:8px}.elementor-widget-text-editor:not(.elementor-drop-cap-view-default) .elementor-drop-cap-letter{width:1em;height:1em}.elementor-widget-text-editor .elementor-drop-cap{float:left;text-align:center;line-height:1;font-size:50px}.elementor-widget-text-editor .elementor-drop-cap-letter{display:inline-block}<\/style>\t\t\t\t<h4><span style=\"color: #99ccff;\">DATOS DE LA EMPRESA<\/span><\/h4>\n<p><span style=\"font-weight: 400;\">En cumplimiento del art\u00edculo 10 de la Ley 34\/2002, de 11 de julio, de Servicios de la Sociedad de la Informaci\u00f3n y Comercio Electr\u00f3nico, a continuaci\u00f3n se exponen los datos identificativos de la empresa.<\/span><\/p>\n<ul>\n<li><b>Nombre Jur\u00eddico:&nbsp;<\/b><span style=\"font-weight: 400;\">AUDITE CENTRUM O.E<\/span><\/li>\n<li><b>Denominaci\u00f3n social:&nbsp;<\/b><span style=\"font-weight: 400;\">AUDITE CENTRUM O.E (\u00d3PTICA Y AUDICI\u00d3N)<\/span><\/li>\n<li><b>N\u00famero de identificaci\u00f3n fiscal:&nbsp;<\/b><span style=\"font-weight: 400;\">E-40568834<\/span><\/li>\n<li><b>Domicilio social:&nbsp;<\/b><span style=\"font-weight: 400;\">C\/ FRAY PEDRO VIVES N\u00ba 5 BAJO, 46009, VALENCIA \u2013 Espa\u00f1a<\/span><\/li>\n<li><b>Correo electr\u00f3nico:&nbsp;<\/b><span style=\"font-weight: 400;\">auditecentrum@gmail.com<\/span><\/li>\n<li><b>Tel\u00e9fono:&nbsp;<\/b><span style=\"font-weight: 400;\">(+34) 633 725 149<\/span><\/li>\n<\/ul>\n<p><span style=\"font-weight: 400;\">El sitio web <span style=\"color: #99ccff;\"><a style=\"color: #99ccff;\" href=\"https:\/\/opticayaudicion.com\">https:\/\/opticayaudicion.com<\/a><\/span> (en adelante, el \u201cSitio Web\u201d) es propiedad de Audite Centrum O.E <\/span><span style=\"font-weight: 400;\">con nombre comercial&nbsp;Audite Centrum&nbsp;.<\/span><\/p>\n<p><span style=\"font-weight: 400;\">El acceso al sitio Web https:\/\/www.opticayaudicion.com\/ de Audite Centrum O.E implica la aceptaci\u00f3n de todas las <\/span><span style=\"font-weight: 400;\">condiciones siguientes:<\/span><\/p>\n<h4><span style=\"font-weight: 400; color: #99ccff;\">PROPIEDAD INDUSTRIAL<\/span><\/h4>\n<p><span style=\"font-weight: 400;\">El logotipo y la denominaci\u00f3n \u201cAUDITE CENTRUM \u201d, as\u00ed como otros signos distintivos <\/span><span style=\"font-weight: 400;\">(gr\u00e1ficos o denominativos), que aparecen en esta Web son propiedad exclusiva de Audite Centrum O.E , <\/span><span style=\"font-weight: 400;\">de tal forma que es esta entidad la \u00fanica autorizada a utilizarlos.<\/span><\/p>\n<p><span style=\"font-weight: 400;\">Los contenidos de este sitio web, textos, im\u00e1genes, etc. as\u00ed como su dise\u00f1o gr\u00e1fico y su c\u00f3digo fuente est\u00e1n protegidos por la legislaci\u00f3n espa\u00f1ola sobre los derechos de propiedad intelectual e industrial a favor de&nbsp;Audite Centrum O.E&nbsp;.<\/span><\/p>\n<p><span style=\"font-weight: 400;\">Quedando por tanto totalmente prohibida su reproducci\u00f3n, distribuci\u00f3n o comunicaci\u00f3n p\u00fablica, total o parcial, sin la autorizaci\u00f3n expresa de Audite Centrum O.E<\/span><\/p>\n<h4><span style=\"color: #99ccff;\">NOMBRE DE DOMINIO<\/span><\/h4>\n<p><span style=\"font-weight: 400;\">De igual forma a lo rese\u00f1ado en los p\u00e1rrafos anteriores, los nombres de dominio \u201chttps:\/\/opticayaudicion.com\/\u201c y todos aquellos que sirvan para acceder al presente sitio son de titularidad exclusiva de Audite Centrum O.E . El uso indebido de los mismos supondr\u00eda una infracci\u00f3n de los derechos adquiridos por su registro y ser\u00e1 perseguido por los medios previstos en la Ley.<\/span><\/p>\n<h4><span style=\"font-weight: 400; color: #99ccff;\">USO PERSONAL<\/span><\/h4>\n<p><span style=\"font-weight: 400;\">El usuario queda expresamente autorizado por&nbsp;Audite Centrum O.E&nbsp; a visualizar, imprimir, copiar o almacenar en su disco duro o cualquier otro soporte f\u00edsico, los contenidos y activos amparados o no por un derecho de exclusiva (a excepci\u00f3n de los programas de ordenador), siempre que \u00e9sta actuaci\u00f3n se efect\u00fae para el uso personal y privado del usuario, sin finalidad comercial o de distribuci\u00f3n y sin modificar, alterar o descompilar los antedichos derechos y contenidos. Esta licencia de uso personal se entiende efectuada siempre y cuando se respeten intactas las advertencias a los derechos de autor y de propiedad industrial que se realizan, sin que esto signifique la concesi\u00f3n de licencia alguna al usuario.<\/span><\/p>\n<p><span style=\"font-weight: 400;\">Cualquier otro uso de los contenidos o creaciones intelectuales de este sitio requerir\u00e1 la autorizaci\u00f3n expresa y por escrito de&nbsp; Audite Centrum O.E.&nbsp;<\/span><\/p>\n<h4><span style=\"font-weight: 400; color: #99ccff;\">RESERVA DE ACCIONES LEGALES<\/span><\/h4>\n<p><span style=\"font-weight: 400;\">Audite Centrum O.E&nbsp; se reserva en todo momento el ejercicio de cuantos medios o acciones legales le correspondan en defensa de sus leg\u00edtimos derechos de propiedad intelectual e industrial frente a un uso no autorizado de los mismos o a cualquier actuaci\u00f3n que pudiera perjudicarlos.<\/span><\/p>\n<h4><span style=\"font-weight: 400; color: #99ccff;\">ENLACES<\/span><\/h4>\n<p><span style=\"font-weight: 400;\">Los enlaces con los que el usuario pueda encontrarse durante la navegaci\u00f3n en este sitio Web le permiten abandonar este sitio.<\/span><\/p>\n<p><span style=\"font-weight: 400;\">Los sitios enlazados no est\u00e1n relacionados, salvo indicaci\u00f3n de lo contrario, con Audite Centrum O.E&nbsp;&nbsp;, quien no se hace responsable de los contenidos a los que se acceda en virtud de los mencionados enlaces, ni de las modificaciones que se lleven a cabo en los mismos, ni del uso que de aquellos se realice, ni de la disponibilidad t\u00e9cnica de los mismos.<\/span><\/p>\n<p><span style=\"font-weight: 400;\">En cualquier caso, Audite Centrum O.E&nbsp;&nbsp; se compromete a hacer todo lo posible para evitar la existencia en su sitio Web de enlaces a p\u00e1ginas de contenido ilegal, que promuevan actividades il\u00edcitas, racistas, xen\u00f3fobas y, en general, susceptibles de atentar contra los principios de libertad y de dignidad humana o vulneren los valores y derechos reconocidos por la Constituci\u00f3n Espa\u00f1ola y por la Declaraci\u00f3n Universal de los Derechos Humanos.<\/span><\/p>\n<p><span style=\"font-weight: 400;\">En el supuesto de que alg\u00fan usuario estimase que alg\u00fan enlace incluido el Sitio Web menoscaba en cualquier forma sus derechos o si le supone el m\u00e1s m\u00ednimo perjuicio, tan s\u00f3lo debe comunicarlo mediante el env\u00edo de un correo electr\u00f3nico a Audite Centrum O.E&nbsp;&nbsp;, teniendo la confianza de que se tomar\u00e1n las medidas oportunas al respecto.<\/span><\/p>\n<h4><span style=\"font-weight: 400; color: #99ccff;\">CONTENIDO DE LA WEB<\/span><\/h4>\n<p><span style=\"font-weight: 400;\">Audite Centrum O.E&nbsp; no se responsabiliza del mal uso que se realice de los contenidos de nuestra p\u00e1gina web, siendo exclusiva responsabilidad de la persona que accede a ellos o los utiliza.<\/span><\/p>\n<h4><span style=\"font-weight: 400; color: #99ccff;\">ACTUALIZACI\u00d3N Y MODIFICACI\u00d3N DE LA P\u00c1GINA WEB<\/span><\/h4>\n<p><span style=\"font-weight: 400;\">Audite Centrum O.E&nbsp; se reserva el derecho a modificar o eliminar, sin previo aviso, tanto la informaci\u00f3n contenida en su sitio Web, as\u00ed como su configuraci\u00f3n y presentaci\u00f3n, sin asumir responsabilidad alguna por ello.<\/span><\/p>\n<h4><span style=\"font-weight: 400; color: #99ccff;\">INDICACIONES SOBRE ASPECTOS T\u00c9CNICOS<\/span><\/h4>\n<p><span style=\"font-weight: 400;\">Audite Centrum O.E&nbsp; no asume ninguna responsabilidad que se pueda derivar de problemas t\u00e9cnicos o fallos en los equipos inform\u00e1ticos que se produzcan durante la conexi\u00f3n a la red de Internet, as\u00ed como de da\u00f1os que pudieran ser causados por terceras personas mediante intromisiones ileg\u00edtimas fuera del control de Audite Centrum O.E&nbsp;&nbsp;.<\/span><\/p>\n<p><span style=\"font-weight: 400;\">Tambi\u00e9n quedamos exonerados de toda responsabilidad ante posibles da\u00f1os o perjuicios que pueda sufrir el usuario a consecuencia de errores, defectos u omisiones en la informaci\u00f3n que facilitemos cuando proceda de fuentes ajenas a nosotros.<\/span><\/p>\n<h4><span style=\"font-weight: 400; color: #99ccff;\">CONDICIONES DE ACCESO<\/span><\/h4>\n<p><span style=\"font-weight: 400;\">En general, el acceso a los contenidos facilitados por \u00ab Audite Centrum O.E&nbsp; \u00bb ser\u00e1 de car\u00e1cter libre y gratuito, y no se exigir\u00e1 a los usuarios que faciliten datos personales, ni se suscriban, ni hagan uso de claves o contrase\u00f1as, a excepci\u00f3n del acceso restringido a la secci\u00f3n de clientes de \u00ab Audite Centrum O.E&nbsp;\u00bb .<\/span><\/p>\n<p><span style=\"font-weight: 400;\">Cuando para la contrataci\u00f3n o solicitud de informaci\u00f3n de un determinado servicio sea necesario facilitar datos de car\u00e1cter personal, los usuarios garantizar\u00e1n su veracidad, exactitud, autenticidad y vigencia. \u00ab Audite Centrum O.E&nbsp;&nbsp;\u00bb se compromete a dar a dichos datos el tratamiento automatizado que corresponda en funci\u00f3n de la naturaleza y finalidad de los mismos, en las condiciones y t\u00e9rminos que quedan reflejadas en la Pol\u00edtica de Privacidad.<\/span><\/p>\n<p><span style=\"font-weight: 400;\">Para aquellos casos en los que se hace necesario el uso de claves de acceso (nombre de usuario y contrase\u00f1a), el usuario se compromete a usarlas de acuerdo a las siguientes restricciones:<\/span><\/p>\n<p><span style=\"font-weight: 400;\">Las claves, elegidas por el usuario, no deber\u00e1n ser contrarias a la moral y las buenas costumbres generalmente aceptadas, ni de cualquier modo infringir los derechos de propiedad industrial e intelectual y al honor y a la propia imagen de terceros.<\/span><\/p>\n<p><span style=\"font-weight: 400;\">Las claves de acceso son para uso personal y exclusivo del usuario titular de las mismas, y su custodia y correcta utilizaci\u00f3n son responsabilidad del mismo. \u00ab Audite Centrum O.E&nbsp; \u00bb no se hace responsable por ning\u00fan perjuicio en que el usuario o terceros puedan incurrir como consecuencia de que otras personas hagan uso de sus claves, con o sin consentimiento o conocimiento del usuario.<\/span><\/p>\n<p><span style=\"font-weight: 400;\">No obstante, \u00ab Audite Centrum O.E&nbsp; \u00bb se compromete a cumplir con el deber de secreto respecto a las claves registradas y utilizadas por los usuarios.<\/span><\/p>\n<h4><span style=\"font-weight: 400; color: #99ccff;\">CONDICIONES DE USO<\/span><\/h4>\n<p><span style=\"font-weight: 400;\">El uso del sitio Web de \u00ab Audite Centrum O.E&nbsp; \u00bb deber\u00e1 obedecer al contenido de estas Condiciones Generales, a cualesquiera disposiciones legales aplicables y a las exigencias de la moral y las buenas costumbres generalmente aceptadas, as\u00ed como a las de orden p\u00fablico.<\/span><\/p>\n<p><span style=\"font-weight: 400;\">Salvo previa y expresa autorizaci\u00f3n de \u00ab Audite Centrum O.E&nbsp;\u00bb , los usuarios \u00fanicamente podr\u00e1n hacer uso de los contenidos y servicios ofrecidos en este sitio Web a modo personal, absteni\u00e9ndose de realizar cualquier acto que, directa o indirectamente, suponga una explotaci\u00f3n comercial de los mismos.<\/span><\/p>\n<p><span style=\"font-weight: 400;\">En todo caso, los usuarios utilizar\u00e1n los contenidos y servicios facilitados por \u00ab Audite Centrum O.E&nbsp; \u00bb de conformidad con la legalidad vigente, y asumir\u00e1n las responsabilidades que les correspondan por las conductas o actividades que, en cualquier forma, puedan resultar il\u00edcitas o lesivas para derechos de terceros o que puedan perjudicar, impedir o limitar el uso de este sitio Web a otros usuarios.<\/span><\/p>\n<p><span style=\"font-weight: 400;\">Los usuarios se comprometen a no transmitir o difundir a trav\u00e9s de \u00ab Audite Centrum O.E&nbsp; \u00bb mensajes, im\u00e1genes, fotograf\u00edas, software, datos o contenidos que:<\/span><\/p>\n<ul>\n<li style=\"font-weight: 400;\" aria-level=\"1\"><span style=\"font-weight: 400;\">De cualquier forma contravengan o atenten contra derechos fundamentales reconocidos por el ordenamiento jur\u00eddico.<\/span><\/li>\n<li style=\"font-weight: 400;\" aria-level=\"1\"><span style=\"font-weight: 400;\">Induzcan, inciten o promuevan actuaciones delictivas, denigratorias, difamatorias, infamantes, violentas, discriminatorias por raz\u00f3n de sexo, raza, religi\u00f3n o ideolog\u00eda, o, en general, sean contrarias a la ley, a la moral o al orden p\u00fablico.<\/span><\/li>\n<li style=\"font-weight: 400;\" aria-level=\"1\"><span style=\"font-weight: 400;\">Sean falsos, ambiguos, inexactos, exagerados, obscenos o extempor\u00e1neos.<\/span><\/li>\n<li style=\"font-weight: 400;\" aria-level=\"1\"><span style=\"font-weight: 400;\">Se encuentren protegidos por cualesquiera derechos de propiedad intelectual o industrial pertenecientes a terceros, salvo previa y suficiente autorizaci\u00f3n de su leg\u00edtimo titular.<\/span><\/li>\n<li style=\"font-weight: 400;\" aria-level=\"1\"><span style=\"font-weight: 400;\">Lesionen o puedan lesionar el derecho al honor, a la intimidad personal, a la propia imagen de terceras personas o infrinjan la normativa sobre el secreto o confidencialidad de las comunicaciones.<\/span><\/li>\n<li style=\"font-weight: 400;\" aria-level=\"1\"><span style=\"font-weight: 400;\">Constituyan publicidad il\u00edcita, enga\u00f1osa o desleal.<\/span><\/li>\n<li style=\"font-weight: 400;\" aria-level=\"1\"><span style=\"font-weight: 400;\">Contengan virus, caballos de Troya, gusanos, bombas de tiempo o cualquier otro material o programa que pueda da\u00f1ar o alterar el funcionamiento de equipos o sistemas inform\u00e1ticos.<\/span><\/li>\n<\/ul>\n<p><span style=\"font-weight: 400;\">\u00abAudite Centrum O.E&nbsp; \u00bb se reserva el derecho unilateral, en cualquier momento y sin previo aviso o justificaci\u00f3n, de denegar el acceso a su sitio Web a aquellos usuarios que incumplan estas Condiciones Generales de Uso.<\/span><\/p>\t\t\t\t\t\t<\/div>\n\t\t\t\t<\/div>\n\t\t\t\t\t<\/div>\n\t\t<\/div>\n\t\t\t\t\t\t\t<\/div>\n\t\t<\/section>\n\t\t\t\t\t\t\t<\/div>\n\t\t","protected":false},"excerpt":{"rendered":"<p>DATOS DE LA EMPRESA En cumplimiento del art\u00edculo 10 de la Ley 34\/2002, de 11 de julio, de Servicios de la Sociedad de la Informaci\u00f3n y Comercio Electr\u00f3nico, a continuaci\u00f3n se exponen los datos identificativos de la empresa. Nombre Jur\u00eddico:&nbsp;AUDITE CENTRUM O.E Denominaci\u00f3n social:&nbsp;AUDITE CENTRUM O.E (\u00d3PTICA Y AUDICI\u00d3N) N\u00famero de identificaci\u00f3n fiscal:&nbsp;E-40568834 Domicilio social:&nbsp;C\/ [&hellip;]<\/p>\n","protected":false},"author":1,"featured_media":0,"parent":0,"menu_order":0,"comment_status":"closed","ping_status":"closed","template":"","meta":{"footnotes":""},"class_list":["post-16298","page","type-page","status-publish","hentry"],"_links":{"self":[{"href":"https:\/\/opticayaudicion.com\/index.php\/wp-json\/wp\/v2\/pages\/16298","targetHints":{"allow":["GET"]}}],"collection":[{"href":"https:\/\/opticayaudicion.com\/index.php\/wp-json\/wp\/v2\/pages"}],"about":[{"href":"https:\/\/opticayaudicion.com\/index.php\/wp-json\/wp\/v2\/types\/page"}],"author":[{"embeddable":true,"href":"https:\/\/opticayaudicion.com\/index.php\/wp-json\/wp\/v2\/users\/1"}],"replies":[{"embeddable":true,"href":"https:\/\/opticayaudicion.com\/index.php\/wp-json\/wp\/v2\/comments?post=16298"}],"version-history":[{"count":11,"href":"https:\/\/opticayaudicion.com\/index.php\/wp-json\/wp\/v2\/pages\/16298\/revisions"}],"predecessor-version":[{"id":16378,"href":"https:\/\/opticayaudicion.com\/index.php\/wp-json\/wp\/v2\/pages\/16298\/revisions\/16378"}],"wp:attachment":[{"href":"https:\/\/opticayaudicion.com\/index.php\/wp-json\/wp\/v2\/media?parent=16298"}],"curies":[{"name":"wp","href":"https:\/\/api.w.org\/{rel}","templated":true}]}}